 a = 219 - 10. What is the highest common factor of 33 and a?
11
Let k = 117 - 78. What is the highest common factor of k and 195?
39
Suppose 4*z + 5*g = -21, -z + 0*g - 3*g = 14. Let l be -4*z + (219 - 7). Calculate the greatest common divisor of l and 26.
26
Suppose 73*r - 5*r - 20060 = 0. Calculate the highest common divisor of 59 and r.
59
Let a(t) = t**3 + 4*t**2 - 15*t - 13. Let v be a(-6). Suppose 2*g - v*g = -27. Calculate the greatest common factor of g and 12.
3
Suppose -15 = -11*p + 29. What is the greatest common factor of 92 and p?
4
Let n be 186/14 - 4/14. Let u(z) = -2*z**2 - 98*z + 938. Let f be u(-57). Calculate the highest common divisor of f and n.
13
Suppose 3*n = -15, -3*i + 6*i - 2*n - 16 = 0. Let q(x) = 3*x - 4. Let h be q(10). Calculate the highest common divisor of i and h.
2
Suppose 151 + 29 = 3*l. Calculate the greatest common factor of l and 30.
30
Let j(x) = 16*x + 174. Let u be j(0). Calculate the greatest common factor of u and 464.
58
Suppose 0 = -5*s + 14*s + 108. Let h be s/(-96) + 95/8. What is the highest common divisor of 30 and h?
6
Let p be ((-4)/6)/(4/(-18)). Let v be 1/3 + 95/p. Let g(m) = 8*m - 32. Let a be g(5). Calculate the highest common factor of v and a.
8
Let n = 18 + 7. Let w = -651 - -726. Calculate the highest common divisor of w and n.
25
Let a be -5*2*(4 + 20). Let p = 408 + a. What is the greatest common divisor of 21 and p?
21
Suppose 3*m - 778 = -0*m + 2*r, -4*m + 4*r + 1036 = 0. Calculate the greatest common factor of m and 20.
20
Suppose 8*t = 5*t + 186. Let c = -44 + t. Let j = c - 3. Calculate the highest common divisor of j and 15.
15
Let f be (-2)/4 + (-79)/(-2). Let y(m) = 55*m**3 - 2*m**2 - m - 1. Let k be y(2). Calculate the greatest common factor of k and f.
39
Let o be 5*8*(-3)/(180/(-6)). What is the highest common divisor of o and 62?
2
Suppose -2*x = x - 231. Suppose -85*z + 257 = -338. Calculate the highest common factor of z and x.
7
Let y be (60/(-14))/(22/154). Let z = y + 31. What is the highest common factor of 9 and z?
1
Suppose 11*c - 20*c = -36. Suppose 6*s - 64 = 2*s. What is the greatest common divisor of c and s?
4
Suppose 705 = 5*g + 5*a, -5*g + 0*g + 693 = a. Let d(i) = 22*i**2 - i. Let b be d(-1). What is the highest common divisor of b and g?
23
Let s(c) = c**2 - 16*c - 121. Let q be s(23). Let h = -47 - -167. What is the highest common factor of q and h?
40
Let b(l) = -l**3 + 5*l**2 - 12*l + 9. Let d be b(6). Let v = -59 - d. What is the greatest common factor of 60 and v?
20
Suppose -u + 1080 = 2*u. Let q = u - 254. Let i = -61 + q. Calculate the highest common divisor of 5 and i.
5
Let g = -49 + 75. Let p be (-2 - -2 - -4) + -1 + 2. Suppose -42 = -2*f + 4*y, 68 = p*f - 5*y - 17. What is the greatest common factor of g and f?
13
Suppose 27 = 30*l - 3. What is the greatest common divisor of l and 38?
1
Suppose 6*k - 2*k = -y - 15, 4*k + 14 = -2*y. Let s(z) = z**3 - 2*z**2 - 2*z - 2. Let q be s(3). Calculate the greatest common divisor of q and y.
1
Suppose -666*c = -667*c + 243. What is the highest common factor of c and 9?
9
Suppose 4*j + 1 = p, 4*j = -p - 0 + 1. Let z(t) = 2*t + 6. Let a be z(-6). Let s = 13 + a. What is the highest common factor of s and p?
1
Let d(q) = 0*q + 55*q**2 - 12*q**2 - q. Let k be d(1). Calculate the greatest common divisor of 105 and k.
21
Let x be ((-20)/(-15) + -5)*(1 - 4). Suppose -x = r - 46. What is the greatest common divisor of 35 and r?
35
Let k be (-1380)/(-33) - -2*3/33. Suppose 3*f = -3*f + 72. Calculate the greatest common divisor of f and k.
6
Suppose 117*q - 118*q = -56. Let g = 11 - 3. Calculate the greatest common divisor of g and q.
8
Suppose -3*x + x = -54. Suppose 0 = 4*s - x - 5. Calculate the greatest common divisor of 1 and s.
1
Let i = 2 - 2. Suppose i = -8*z + 4*z + 72. Let k be (-349)/(-9) + 4/z. What is the highest common divisor of k and 13?
13
Let d(m) = m**2 - 3*m - 3. Let f be d(4). Let q(h) = 52*h**2 - h - 1. Let a be q(f). Calculate the highest common divisor of a and 20.
10
Let c = -159 + 179. Let b = 67 + -37. What is the greatest common factor of c and b?
10
Let n be (16/(-20))/((-4)/10). Suppose -n - 2 = -m. Suppose -2*i + 5*k - m*k + 8 = 0, 0 = -5*i + k + 17. Calculate the highest common divisor of i and 6.
3
Suppose -2*g = i - 1, -4*i = -2*g - g + 7. Let r be (-189 - 12/4)*i. What is the greatest common divisor of 24 and r?
24
Let z(q) = 40*q**2. Let a be 4*(22/8 + -3). Let l be z(a). Let f(i) = 5*i - 4. Let r be f(4). Calculate the highest common factor of l and r.
8
Suppose 14*a - 754 - 1220 = 0. What is the highest common factor of a and 235?
47
Suppose -3*l - 8 = 4, -4*w = 4*l - 36. Calculate the highest common divisor of 377 and w.
13
Let a(i) = i**2 + 24*i + 53. Let f be a(-25). Calculate the greatest common factor of 702 and f.
78
Let k(q) = -9*q + 10*q + 13*q - 7. Let x be k(8). Let s = 16 - 1. Calculate the greatest common factor of x and s.
15
Let z(t) = t**2 + t - 1. Let w be z(2). Let h be 6 + ((-75)/w)/3. Calculate the greatest common factor of 13 and h.
1
Suppose 0 = 5*n - 66 - 14. Suppose 3*t + 16 = 4. Let w = t + n. Calculate the highest common factor of w and 96.
12
Let v = -710 + 766. Let g(r) = -r. Let l be g(-8). What is the greatest common divisor of v and l?
8
Suppose 11*u - 6*u - 280 = 0. What is the greatest common divisor of u and 40?
8
Suppose b - p - 580 = 3*p, -p - 2395 = -4*b. What is the greatest common divisor of b and 225?
75
Suppose 0 = 3*l + 2*l + 60. Suppose 143 = 4*x + 23. Let u = x - l. Calculate the greatest common factor of u and 28.
14
Suppose -2 - 98 = -4*s. What is the highest common factor of s and 475?
25
Let m = 300 - 250. Let n(y) = -9*y**3 - 2*y - 1. Let z be n(-1). Calculate the greatest common divisor of m and z.
10
Suppose 0 = -2*h + 4*a + 6, -5*a = 5*h - 2*h - 31. Suppose -20*t + 6*t = 266. Let y = t - -75. What is the highest common divisor of h and y?
7
Let y be 4/6 - 34/(-3). Suppose 4*j - j = 3*u, -2*j = 2*u - y. Let i(p) = 13*p**3 - 2*p**2 + 1. Let s be i(1). Calculate the highest common divisor of j and s.
3
Suppose -2*a - 3*a - 3*u + 440 = 0, -177 = -2*a - u. Calculate the greatest common factor of a and 14.
7
Let s be 6*(-53)/(-24) + 25/(-20). Suppose 0*l + l - 18 = 0. Calculate the greatest common divisor of s and l.
6
Let f be ((-275)/20 + 15)/(1/20). What is the greatest common divisor of f and 40?
5
Let s = 73 - 30. Calculate the highest common factor of 1 and s.
1
Let s(b) = b**2 - 6*b + 3. Let f be s(6). Suppose -3*t + 9*t = -180. Let n be (-10)/t + (-8)/(-3). Calculate the greatest common factor of f and n.
3
Let d = -51 - -52. Let u be (1 - 0)/(d + 426/(-432)). Calculate the highest common factor of 8 and u.
8
Suppose 0 = -8*b - b + 54. Calculate the highest common factor of 2 and b.
2
Let m(z) = 2*z**2 - 21*z - 114. Let b be m(17). What is the greatest common factor of 1 and b?
1
Let h(c) = 10*c + 98. Let d be h(-8). What is the greatest common divisor of 306 and d?
18
Let k = -453 + 461. Calculate the highest common factor of k and 26.
2
Let n = 758 - 488. What is the greatest common divisor of 234 and n?
18
Suppose 5*o - o - 12 = 4*y, -y - 11 = 3*o. Let k be (-21 + 9)*1/o. Suppose -5*d + 3*d + 4 = 0. Calculate the greatest common divisor of k and d.
2
Let g = 18 - 9. Let t(l) = l - 6. Let x be t(g). Suppose x*w + 3 = 2*w, -b + 12 = w. Calculate the highest common factor of b and 6.
3
Let i be -5*(2 - -2)/(-4). Suppose 1678 = 3*y + t, 0 = -5*y + i*t + 2144 + 666. Suppose -x + y = 3*x. Calculate the highest common divisor of x and 20.
20
Let t = 164 - -95. Calculate the highest common factor of t and 74.
37
Let c be 65*(-3 - (-39)/15). Let y = 116 + c. Let b(z) = 2*z + 8. Let s be b(5). What is the highest common factor of y and s?
18
Let q be (-31 - -16)*85/(-3). What is the greatest common factor of q and 17?
17
Suppose -2*k + 12 = o, 0*o - 16 = -3*o - 2*k. Suppose -o*d = d + 87. Let b be 3 - 5 - 1*d. Calculate the greatest common factor of 9 and b.
9
Suppose 5*r + 151 - 4896 = 0. Calculate the greatest common factor of r and 13.
13
Suppose a + 0*v - 2*v + 21 = 0, 5*v + 15 = 0. Let o = 36 + a. Let u be (-6)/9 - (-15)/o. What is the greatest common factor of u and 5?
1
Suppose -3*q - f + 107 = 0, f = 4*q + 7 - 152. S